-2*(-5)/p)/(2/(-53)) is divided by 2/(-7) + 191/7.
26
Let r(s) = 144*s - 33. Let k(l) = 431*l - 96. Let f(v) = 6*k(v) - 17*r(v). Calculate the remainder when f(3) is divided by 50.
49
Let z(f) = -2*f**2 - 15*f - 12. Suppose -14*b = 2*b - 928. What is the remainder when b is divided by z(-4)?
10
Let j = -48 + 49. Suppose 0 = 4*q + 2*u + 4, -q - 4*u + j = -3*u. Let p = 16 + q. What is the remainder when 34 is divided by p?
8
Suppose 3*k - 9 - 12 = 4*u, -2*u + 4*k - 8 = 0. What is the remainder when ((-424)/u)/((-36)/(-54)) is divided by 26?
2
Let f = 2228 - 2209. What is the remainder when 215 is divided by f?
6
Let z = -294 - -563. Suppose -u = -3*f + 3*u + 799, 0 = f - 2*u - z. Calculate the remainder when f is divided by 33.
30
Suppose 3 = -t - 25. What is the remainder when 13 is divided by (-98)/t*20/7?
3
Suppose -60*j - 2*i - 50 = -61*j, j - 4*i = 42. Calculate the remainder when 5042 is divided by j.
54
Suppose -33*j + 24342 - 5664 = 0. What is the remainder when j is divided by 9?
8
Suppose 27*x = 35*x - 208. Let g be ((-1)/(-2))/(3/6). What is the remainder when x is divided by 56/(-24)*(g - 4)?
5
Let t = 113 - 100. What is the remainder when 540 is divided by t?
7
Suppose j + 5*c - 5 = 3*c, 4*c - 4 = 0. What is the remainder when 577 is divided by j?
1
Suppose -280*m = -257*m - 45 - 47. Calculate the remainder when 1267 is divided by m.
3
Suppose 0*u - 12*u + 86700 = 39*u. Calculate the remainder when u is divided by 61.
53
Suppose -9*j + 24654 + 65262 = -5*j. What is the remainder when j is divided by 16?
15
Calculate the remainder when (-234885)/(-189) + 46/207 is divided by 14.
11
Suppose 2*a = 123 - 103. Let l = 157 - 121. What is the remainder when l is divided by a?
6
Let q(k) = k**3 - 10*k**2 + k + 21. Let u be q(10). Let n(x) = x. Calculate the remainder when n(u) is divided by 5.
1
Let m = 11347 + -11338. What is the remainder when 106 is divided by m?
7
Let x = -37 - -30. Let q be (x + 90/9)*212/6. Let b = -101 + q. Calculate the remainder when 5 is divided by b.
0
Suppose 12*t - 16*t - 3*d + 399 = 0, -120 = -t - 3*d. What is the remainder when t is divided by (-1 + 5/(-7))*-14?
21
Let r be (4 + -26)/(2 + (-40)/18). Suppose r = 2*z - 63. Suppose t = -21 + z. What is the remainder when t is divided by 13?
8
Let u = -8117 + 8826. What is the remainder when u is divided by 57?
25
Let y be 6 + (-190)/50 + (-1)/5. Suppose 5*v - 29 = -5*n + 26, y*n = v + 7. Calculate the remainder when (0 - 1)/(2/(-54)) is divided by n.
3
Calculate the remainder when 528 is divided by 8064/126 - (2 - 3)*4.
52
Suppose 0 = 2*i - 7*i. Suppose -10*t + 17*t - 707 = i. Suppose 163 + t = 2*d. What is the remainder when d is divided by 27?
24
Suppose -496 + 956 = 5*r. What is the remainder when 186 is divided by r?
2
Let i(t) = -9*t**2 + 614*t - 61. Suppose 8 + 10 = j. Calculate the remainder when i(68) is divided by j.
3
Let j(c) = c**2 + 64*c + 1082. Calculate the remainder when j(-30) is divided by 2 - (0 - -1)*-1.
2
Let b(j) = 22*j + 260. Let f(m) = m**3 - 20*m**2 - 4*m + 70. Let y be f(20). Calculate the remainder when 192 is divided by b(y).
32
Suppose 3*w - 4*z - 31 = -2*w, 2*w = 2*z + 14. Let o(v) = -6*v**3 - 4*v - 2*v**3 - v**2 - 7*v**3 + 17*v**3. What is the remainder when o(w) is divided by 18?
15
Let b = -70 - -166. Suppose 4*i - 380 - b = 0. What is the remainder when i is divided by 3?
2
Suppose -64 - 17 = -10*b - 21. Calculate the remainder when 231 is divided by b.
3
Suppose 7*y + 5*y + 2748 = 0. Let d = 128 + y. Let g = -94 - d. Calculate the remainder when 27 is divided by g.
6
Let a(d) = 2*d**2 + 8*d + 24. Let p be (6 + -2)/(-7 + 5). Let i(j) = -5*j. Calculate the remainder when a(-5) is divided by i(p).
4
Suppose -2*x + 19*x - 85 = 0. Suppose -x*b + 5*d + 80 = 0, 5*b + d = 3*d + 89. Calculate the remainder when b is divided by 13.
6
Let q(t) = 59*t - 1515. Calculate the remainder when q(39) is divided by 88.
82
Suppose -135 = 2*j - 141. Suppose 644 = 4*l + 2*n, -j*l = -4*n - 161 - 333. What is the remainder when l is divided by 56?
50
Let c = -15 + 24. Let o be 4/7 + 10863/63. Let t = o - 149. What is the remainder when t is divided by c?
6
Suppose -3*g + 5*s = -2*g + 4, -5*g + 52 = -s. Suppose -j - 2*f = -3*j + 86, 129 = 3*j + 4*f. Calculate the remainder when j is divided by g.
10
Suppose 11 + 19 = 5*y. Suppose -273 = y*f + f. Let m = f + 72. What is the remainder when 96 is divided by m?
30
Let b be 250/8*(-8)/2. Suppose 0 = 3*f - 5*c + 488 - 89, 2*f + 273 = c. Let z = b - f. Calculate the remainder when 128 is divided by z.
11
Let w = 9151 - 8207. Calculate the remainder when w is divided by 131.
27
Let j(n) = -10 + 17*n - 9 - 7 + 5. Let l(p) = -2*p**2 + 32*p - 14. What is the remainder when j(11) is divided by l(14)?
40
Let r(j) = -129*j - 3222. Calculate the remainder when r(-27) is divided by 246.
15
Let b = -244 + 257. Suppose -2*u - 5 = -b, 2*u + 1024 = 4*p. What is the remainder when p is divided by 29?
26
Suppose 1959*v + 205275 = 3684*v. Suppose 2*w = -2 + 16. What is the remainder when v is divided by 2/w + (-860)/(-28)?
26
Let y = 14 + -7. Let o be ((-324)/(-45))/((-5)/(-975)*6). What is the remainder when -3 - o/(-27)*3 is divided by y?
2
Let w(k) be the first derivative of 43*k**2/2 - 245*k + 35. What is the remainder when w(9) is divided by 16?
14
Suppose -2*u = -4*u + 24. Let q(r) be the third derivative of -7*r**4/24 - 27*r**3/2 + 9*r**2. Calculate the remainder when q(-18) is divided by u.
9
Calculate the remainder when 2851 is divided by 427/(-61) + 143*(2 - 1).
131
Suppose 22*g - 16836 = 10*g - 11*g. Calculate the remainder when g is divided by 67.
62
Let b(c) = -10*c**3 + c**2 - 3*c + 3. Let i be b(1). Calculate the remainder when (10 - 5) + (-1170)/i is divided by 23.
20
Calculate the remainder when (1441/45 + (-24)/108)*5 is divided by 57.
45
Let o = -4160 + 4201. Calculate the remainder when 345 is divided by o.
17
Suppose c - 51 = -2*c. Suppose -3*g + 7 = -c. Suppose 5*k - 90 = -15. What is the remainder when k is divided by g?
7
Let j = -21 - -26. Suppose -299 = j*x - 1379. Suppose -4*b = 4*b - x. What is the remainder when b is divided by 14?
13
Let h(y) = -77*y - 3000. What is the remainder when h(-39) is divided by 2?
1
Let o(k) = -3*k + 76. Calculate the remainder when (-2 + (-4)/12)*-87 is divided by o(14).
33
Suppose 274 = 5*f - 4*o, 4*f - 4*o + 26 = 242. Let n = f - 47. What is the remainder when n is divided by 1?
0
Suppose -5*l - m + 232 = -11, 0 = -2*l + m + 100. Suppose -118 = -x + 681. Suppose 5*d - x - 166 = 0. What is the remainder when d is divided by l?
46
Let k be 14/6 - (-1)/(-3). Suppose k*s - 40 = -0*s. Let v = 20477 + -20466. Calculate the remainder when s is divided by v.
9
Let q = 46 + -41. Suppose -q*v + 20 = 0, -b - v - 5 = 1. Let u = b - -42. What is the remainder when u is divided by 11?
10
Suppose -1599 = -150*q + 41*q + 2543. Calculate the remainder when 3495 is divided by q.
37
Let f(a) = -a**3 + 7*a**2 - a + 15. Suppose 19*w - 14 = 17*w. Let x be f(w). Let y = 40 - x. Calculate the remainder when y is divided by 11.
10
Suppose 0 = t - 8 + 6. Let f be t - (5 - -4)/(-3). Suppose 0 = -3*w - 2*w - f*o + 80, -w + 10 = -5*o. Calculate the remainder when 102 is divided by w.
12
Let g(m) = m**2 - 122*m + 2789. Calculate the remainder when 33 is divided by g(30).
4
Suppose -2*i = 2*l - 28, 4*l + 3 = i + 14. Suppose -y = -17*r + 12*r - i, 0 = 4*y - 5*r - 51. What is the remainder when 461 is divided by y?
13
Let s(l) = -209*l - 1965. Calculate the remainder when 745 is divided by s(-10).
120
Suppose 5*g - 31 = -6. Let h be (36/g)/(1/10). Suppose b - 38 = -2*d, 0 = d - 5*d - 4*b + h. Calculate the remainder when 59 is divided by d.
19
Let z = -3 + 7. Suppose -o - 2*o = d - 19, -17 = -z*o - 3*d. Calculate the remainder when 31 is divided by o.
7
Let q = -16808 + 16859. What is the remainder when 825 is divided by q?
9
Let t be (-20)/(-1 + 6) - -8. Suppose 0 = -26*d + t*d + 1804. What is the remainder when d is divided by 26?
4
What is the remainder when (-5373)/(-6) - ((-55)/(-22) - 3) is divided by 10?
6
Suppose -25*t + 3522 + 610 - 757 = 0. Calculate the remainder when 2563 is divided by t.
133
Suppose 0 = -7*h + 2*h + 85. Let l(d) = d**3 + 13*d**2 - 36*d - 42. Calculate the remainde